 is the tens digit of z?
7
Let h be (-7)/((-35)/15)*1 - 374. Let i = h + 660. What is the tens digit of i?
8
What is the thousands digit of (-4)/(-4)*(5687 - -13)?
5
Let y(d) = 127*d - 38. Let s be y(7). Let x = 1326 - s. What is the units digit of x?
5
Suppose t = -3*t + t. Let m(p) = p**2 - 23*p + 131. What is the units digit of m(t)?
1
Let m be (-6 - -6) + -4 + 8. Let w(v) = 9*v**2 - v + 3. What is the units digit of w(m)?
3
Suppose 0 = -3*z - 5*l + 9626, -5*z + l - 4*l + 16054 = 0. Suppose -11*p + z = -649. What is the units digit of p?
1
Let z(w) = 29*w**2 + 3640*w + 76. What is the hundreds digit of z(-129)?
1
Suppose 5*h - 22830 - 3984 = -4*g, 2*g + 26838 = 5*h. What is the thousands digit of h?
5
Let d be (-4 + 6)*1784/(-16). Let w = d + 435. What is the units digit of w?
2
Let y = 66 + -49. Let m(x) = -x**2 + 31*x - 29. What is the hundreds digit of m(y)?
2
Let k = -5903 + 6451. What is the units digit of k?
8
Let w(g) = 40*g - 197. Let x be w(5). Suppose -5*k + 3*b + 134 = 0, -20*b = x*k - 16*b - 63. What is the units digit of k?
5
Suppose 2*z - 4*z = 0. Let t be 1/((-1 - 1/(-2))/(-17)). Suppose z = -q - p + t, 2*q = -0*q - 3*p + 64. What is the units digit of q?
8
Suppose -2*l + 2*b = -50778, -120*b + 123*b + 101558 = 4*l. What is the hundreds digit of l?
3
Let t(u) = -u + 5. Let m be t(4). Suppose l + 53 + 80 = 2*v, -56 = -v - 3*l. What is the units digit of (-1)/m + 0 + v?
4
Let d be (-23526)/(-60) - 6/120*2. What is the thousands digit of (76/6)/((d/3150)/14)?
1
Let p be (-1)/(-4) + (-4158)/(-8). Suppose -w + p = 4*w + c, -3*w + 304 = -c. Suppose 3*z + 24 = 2*u - 56, w = 3*u + 4*z. What is the tens digit of u?
3
Let r = 73 - 73. Suppose r = 17*f - 13*f - 8. Suppose 0*t = -4*t - 2*n + 334, 0 = -f*t + n + 177. What is the tens digit of t?
8
Let x(u) = 1010*u**2 + 22*u + 1. What is the thousands digit of x(3)?
9
Suppose 5*f + 85 = -0*f. Let w(b) = 54*b - 2279. Let s be w(40). What is the hundreds digit of (-2)/f + (-12719)/s?
1
Suppose -4*o + 5*l = -381, -o = -l + 2*l - 84. Suppose q + o = 537. What is the tens digit of q?
4
Let v(k) = 70*k + 5. Let x be 4 + -2*5/5. What is the hundreds digit of v(x)?
1
Let m(l) = -82*l**3 + 26*l**3 - 45 + 32*l**3 + 16*l**2 - 8*l + 25*l**3. What is the tens digit of m(-8)?
3
Let z be (22/(-3))/((-4)/6). Let r(m) = -126 - 130 - 144 + 5*m + 384. What is the tens digit of r(z)?
3
Let s(b) = -776*b + 11. Let q be s(9). Let i(h) = 34*h + 98. Let c be i(-3). What is the tens digit of c/10 - 0 - q/95?
7
Suppose z - 17 = -k - 6, -z = -2*k - 5. Suppose z*j = 6*j + 888. What is the units digit of j?
6
Suppose 0 = -5*j - c + 118, 3*j - 42 - 26 = -2*c. Suppose -5*l - j = -5*g - 4, 5*l = 0. Suppose o + g*f - 71 = f, -f + 197 = 3*o. What is the tens digit of o?
6
What is the units digit of 303475/125 - (-1 - (-18)/10)?
7
What is the hundreds digit of -2 + (3 - -5) - -407?
4
Let t be (-17)/136 - (1 - (-18)/(-16)). Suppose t = -r + 4*y + 933, -9*y + 5*y = 3*r - 2799. What is the units digit of r?
3
Suppose 0 = -5*p + 5, -5*z = -z - p + 32001. What is the units digit of 9/6*z/(-12)?
0
Let i = 7 - 14. Let w(l) = 23*l**2 + 6*l - 9. Let u(s) = -103*s**2 - 23*s + 35. Let y(z) = -2*u(z) - 9*w(z). What is the tens digit of y(i)?
1
Suppose -5*s - 5*u + 22872 = -19423, s - 8447 = u. What is the hundreds digit of s?
4
Suppose -5*g - 54 = -6*w + 10*w, 0 = -3*g - 3*w - 33. Let o(c) = -c**3 - 6*c**2 - 3*c + 20. What is the hundreds digit of o(g)?
4
Suppose -r = 5*y - 303, 0 = -5*y - 4*r + 78 + 219. Suppose y*z = 57*z - 4. What is the units digit of 8*205/(-10)*z?
4
Let x(w) = w**2 - 4*w + 4. Let a be x(4). Suppose -z - 7 = -4*m, m + 0 + 17 = a*z. What is the units digit of (-27)/15*(-10)/m?
6
Let b = -466 - -507. Suppose b*t - 49*t = -1496. What is the hundreds digit of t?
1
Let j = 88 + -43. Let d = -43 + j. Suppose d*q = -3*q + 2*p + 89, 4*p = -4*q + 60. What is the units digit of q?
7
Let j be 23374/10 + (-72)/(-120). What is the thousands digit of 3/(9 - 3)*j?
1
Suppose 10*j - 1649 + 7929 = 0. Let g = 930 + j. What is the tens digit of g?
0
Suppose -2*n = 10, 12*w - 14*w = 2*n - 19110. Suppose 7*r = -r + w. What is the hundreds digit of r?
1
What is the tens digit of ((-7786)/(-12))/(1212/(-72) + 17)?
9
Let c(y) = -4*y**2 - y - 8. Let x(j) = 5*j**2 + 9. Suppose 0 = 3*u + u + 12. Let t(a) = u*x(a) - 4*c(a). What is the hundreds digit of t(8)?
1
Suppose -4*s - 285316 = -4*p, 96*p = 95*p + 4*s + 71341. What is the units digit of p?
5
Let p be (1 + -2)/((-18)/126). Suppose -37*h + 16170 = -p*h. What is the units digit of h?
9
Suppose 2*a = -5*v + 40, 0 = 2*a - v - v - 40. Suppose 6*s = -4*y + 2*s + a, -5*y + 2*s + 4 = 0. Suppose -612 = -y*q - 4*q. What is the tens digit of q?
0
Let f(s) = -s**3 + 3*s**2 + 10*s + 8. Suppose 17 = 5*a - 2*a + i, 2*a - 4*i = 2. Let k be f(a). Suppose 0 = 2*x + k - 138. What is the tens digit of x?
6
Let p(w) = 15*w**2 + 63*w + 67. Let f(x) = 7*x**2 + 31*x + 33. Let g(c) = -13*f(c) + 6*p(c). What is the units digit of g(-11)?
7
Let s = 38138 - -14794. What is the units digit of s?
2
Let z(t) = -t**3 + 5*t + 3*t - 6 + 4*t**2 - 2*t. Let c be -3 + -4 + 11 - 0. What is the units digit of z(c)?
8
Let v = -234 - -238. Suppose 2*c - 4*c - 2238 = -4*p, 4 = v*c. What is the hundreds digit of p?
5
Let h = 16 - 0. Let o = h + -16. What is the tens digit of 4 + 60 + o + -1?
6
Suppose -9*m + 14*m + j + 2958 = 0, 5*m = -3*j - 2954. Let k = -522 - m. What is the tens digit of k?
7
Let m(d) = -d**3 + 14*d**2 + 15*d - 21. Let g be m(14). Let n = g - 132. What is the units digit of n?
7
Let z(h) be the second derivative of 0 - 13/3*h**3 + 23*h + 3/2*h**2. What is the units digit of z(-2)?
5
Suppose 3*y = 2*l - 1347, 0 = -4*l + 8*l + 5*y - 2639. Suppose -l*k = -667*k + 156. What is the units digit of k?
6
Suppose 16*q = 13*q - 3. Let f be q/(18/6) - (-31)/3. Let s = 23 - f. What is the units digit of s?
3
Let n(h) = 8*h + 46. Let x be ((-2 - -1)/((-1)/6))/(-1). Let q be n(x). What is the hundreds digit of (-1002)/(-4) - q/4?
2
What is the hundreds digit of -12*3261*(-20)/120?
5
Suppose 5*w = -20, 5*w - w = 3*o - 19. What is the units digit of 1 + -1 - (-7 + o - -5)?
1
Let m(l) = -l. Let j be m(-11). Suppose j*i = 1531 + 1021. What is the tens digit of i?
3
Suppose f - 4*m = 5475, m + 10963 = 2*f + 6*m. What is the units digit of f?
9
Suppose 2*o - 84101 = -3*b, 3*b - o + 23004 = 107129. What is the thousands digit of b?
8
Let l(g) = -g - 6. Let s be l(-15). Let c be s*(3 + (-65)/15). Let b(x) = x**3 + 12*x**2 - x - 5. What is the units digit of b(c)?
7
Let k = 12681 + -4164. What is the units digit of k?
7
Let d = -1040 + 1027. Let n(x) = -41*x - 7. What is the units digit of n(d)?
6
Let q(n) = -213*n**2 + 7*n - 10. Let c be q(-3). Let f = c - -3308. What is the units digit of f?
0
Let l be (-2 - (-8)/2)/(3/6). Suppose 8 = l*s + 16. What is the hundreds digit of (-1 - -4)/(s - (-123)/61)?
1
Let p(y) = -182*y**2 + 5469*y + 8. What is the hundreds digit of p(7)?
3
Let u(o) = o**2 - 21. Let y be u(5). Suppose 0 = 3*a - 1 + 4, -y*f = 4*a + 39300. What is the units digit of (-4)/5 - (f/(-20))/(-4)?
2
Suppose 0*z = -z + 5*u + 1987, -4*u = -2*z + 3998. What is the hundreds digit of z?
0
Let n be (19340/15 - 4) + (-2)/6. Let j = n - 577. What is the hundreds digit of j?
7
Let w(u) = 1824*u**2 + 49*u - 180. What is the thousands digit of w(4)?
9
Suppose 3*w + 4*o = 26, 3*w - 2*o + 4 = -0. Suppose 0*v - v - w*a - 2 = 0, 5*v + 3*a - 4 = 0. What is the tens digit of 66 + v - (-14)/(-7)?
6
Let w = 10374 + 9570. What is the units digit of w?
4
Let q = 768 - 117. Let y be -2 - ((-45)/1 - -1). What is the units digit of 2*3*q/y?
3
Let f = 31 + -27. Let s(n) = n**3 - n**2 - n + 1. Let b be s(1). Suppose b = f*t - 180 - 108. What is the units digit of t?
2
Let g be (-24)/11 - (12/22)/(-3). What is the hundreds digit of -13*(-39)/2 + g/(-4)?
2
Suppose -5*h - 3 + 13 = 0. Suppose -5*w = -10, h*w - 5*w + 8 = t. Suppose t = -2*y + 6, 4*y = i - 53. What is the tens digit of i?
6
What is the tens digit of (76/(-4) + 12)/(-2*(-1)/(-62))?
1
Let b = 78871 - 45831. What is the ten thousands digit of b?
3
Let c = -7906 - -12286. What is the tens digit of c?
8
Let k(u) = u**2 + 32*u - 240. What is the thousands digit of k(52)?
4
What is the hu